{"id":19090,"date":"2026-03-23T23:47:05","date_gmt":"2026-03-23T15:47:05","guid":{"rendered":"https:\/\/www.computechnologies.com.ph\/?post_type=product&#038;p=19090"},"modified":"2026-03-23T23:47:05","modified_gmt":"2026-03-23T15:47:05","slug":"ds-2cd1047g2-luf","status":"publish","type":"product","link":"https:\/\/www.computechnologies.com.ph\/?product=ds-2cd1047g2-luf","title":{"rendered":"DS-2CD1047G2-L(UF)"},"content":{"rendered":"<h3>Specifications:<\/h3>\n<p><span class=\"tech-specs-items-description__title--heading\">Camera<\/span><\/p>\n<ul class=\"tech-specs-items-description\" data-target=\"Camera \">\n<li class=\"tech-specs-items-description-list\"><span class=\"tech-specs-items-description__title\">Image Sensor<\/span><span class=\"tech-specs-items-description__title-details \" data-spec-url=\"null\"><span class=\"at-action action-lazy\" data-at-module=\"Specification::spec_chart::1\/3\">1\/3&#8243; Progressive Scan CMOS<\/span><\/span><\/li>\n<li class=\"tech-specs-items-description-list\"><span class=\"tech-specs-items-description__title\">Max. Resolution<\/span><span class=\"tech-specs-items-description__title-details \" data-spec-url=\"null\"><span class=\"at-action action-lazy\" data-at-module=\"Specification::spec_chart::2560 \u00d7 1440\">2560 \u00d7 1440<\/span><\/span><\/li>\n<li class=\"tech-specs-items-description-list\"><span class=\"tech-specs-items-description__title\">Min. Illumination<\/span><span class=\"tech-specs-items-description__title-details \" data-spec-url=\"null\"><span class=\"at-action action-lazy\" data-at-module=\"Specification::spec_chart::Color: 0.001 Lux @ (F1.0, AGC ON),0 Lux with light\">Color: 0.001 Lux @ (F1.0, AGC ON),0 Lux with light<\/span><\/span><\/li>\n<li class=\"tech-specs-items-description-list\"><span class=\"tech-specs-items-description__title\">Shutter Time<\/span><span class=\"tech-specs-items-description__title-details \" data-spec-url=\"null\"><span class=\"at-action action-lazy\" data-at-module=\"Specification::spec_chart::1\/3 s to 1\/100,000 s\">1\/3 s to 1\/100,000 s<\/span><\/span><\/li>\n<li class=\"tech-specs-items-description-list\"><span class=\"tech-specs-items-description__title\">Day &amp; Night<\/span><span class=\"tech-specs-items-description__title-details \" data-spec-url=\"null\"><span class=\"at-action action-lazy\" data-at-module=\"Specification::spec_chart::24\/7 color imaging\">24\/7 color imaging<\/span><\/span><\/li>\n<li class=\"tech-specs-items-description-list\"><span class=\"tech-specs-items-description__title\">Angle Adjustment<\/span><span class=\"tech-specs-items-description__title-details \" data-spec-url=\"null\"><span class=\"at-action action-lazy\" data-at-module=\"Specification::spec_chart::Pan: 0\u00b0 to 360\u00b0,tilt: 0\u00b0 to 90\u00b0,rotate: 0\u00b0 to 360\u00b0 \">Pan: 0\u00b0 to 360\u00b0,tilt: 0\u00b0 to 90\u00b0,rotate: 0\u00b0 to 360\u00b0<\/span><\/span><\/li>\n<\/ul>\n<p><span class=\"tech-specs-items-description__title--heading\">Lens<\/span><\/p>\n<ul class=\"tech-specs-items-description\" data-target=\"Lens\">\n<li class=\"tech-specs-items-description-list\"><span class=\"tech-specs-items-description__title\">Lens Type<\/span><span class=\"tech-specs-items-description__title-details \" data-spec-url=\"null\"><span class=\"at-action action-lazy\" data-at-module=\"Specification::spec_chart::Fixed focal lens, 2.8 and 4 mm optional\">Fixed focal lens, 2.8 and 4 mm optional<\/span><\/span><\/li>\n<li class=\"tech-specs-items-description-list\"><span class=\"tech-specs-items-description__title\">Focal Length &amp; FOV<\/span>\n<p class=\"mb-p\">2.8 mm, horizontal FOV: 96\u00b0, vertical FOV: 52\u00b0, diagonal FOV: 113\u00b0<\/p>\n<p class=\"mb-p\">4 mm, horizontal FOV: 75\u00b0, vertical FOV: 40\u00b0, diagonal FOV: 89\u00b0<\/p>\n<\/li>\n<li class=\"tech-specs-items-description-list\"><span class=\"tech-specs-items-description__title\">Lens Mount<\/span><span class=\"tech-specs-items-description__title-details \" data-spec-url=\"null\"><span class=\"at-action action-lazy\" data-at-module=\"Specification::spec_chart::M12\">M12<\/span><\/span><\/li>\n<li class=\"tech-specs-items-description-list\"><span class=\"tech-specs-items-description__title\">Iris Type<\/span><span class=\"tech-specs-items-description__title-details \" data-spec-url=\"null\"><span class=\"at-action action-lazy\" data-at-module=\"Specification::spec_chart::Fixed\">Fixed<\/span><\/span><\/li>\n<li class=\"tech-specs-items-description-list\"><span class=\"tech-specs-items-description__title\">Aperture<\/span><span class=\"tech-specs-items-description__title-details \" data-spec-url=\"null\"><span class=\"at-action action-lazy\" data-at-module=\"Specification::spec_chart::F1.0\">F1.0<\/span><\/span><\/li>\n<li class=\"tech-specs-items-description-list\"><span class=\"tech-specs-items-description__title\">Depth of Field<\/span>\n<p class=\"mb-p\">2.8 mm: 2 m to \u221e<\/p>\n<p class=\"mb-p\">4 mm: 2.7 m to \u221e<\/p>\n<\/li>\n<\/ul>\n<p><span class=\"tech-specs-items-description__title--heading\">DORI<\/span><\/p>\n<ul class=\"tech-specs-items-description\" data-target=\"DORI\">\n<li class=\"tech-specs-items-description-list\"><span class=\"tech-specs-items-description__title\">DORI<\/span>\n<p class=\"mb-p\">2.8 mm, D: 64 m, O: 25 m, R: 12 m, I: 6 m<\/p>\n<p class=\"mb-p\">4 mm, D: 82 m, O: 32 m, R: 16 m, I: 8 m<\/p>\n<\/li>\n<\/ul>\n<p><span class=\"tech-specs-items-description__title--heading\">Illuminator<\/span><\/p>\n<ul class=\"tech-specs-items-description\" data-target=\"Illuminator\">\n<li class=\"tech-specs-items-description-list\"><span class=\"tech-specs-items-description__title\">Supplement Light Type<\/span><span class=\"tech-specs-items-description__title-details \" data-spec-url=\"null\"><span class=\"at-action action-lazy\" data-at-module=\"Specification::spec_chart::White Light\">White Light<\/span><\/span><\/li>\n<li class=\"tech-specs-items-description-list\"><span class=\"tech-specs-items-description__title\">Supplement Light Range<\/span><span class=\"tech-specs-items-description__title-details \" data-spec-url=\"null\"><span class=\"at-action action-lazy\" data-at-module=\"Specification::spec_chart::Up to 30 m\">Up to 30 m<\/span><\/span><\/li>\n<li class=\"tech-specs-items-description-list\"><span class=\"tech-specs-items-description__title\">Smart Supplement Light<\/span><span class=\"tech-specs-items-description__title-details \" data-spec-url=\"null\"><span class=\"at-action action-lazy\" data-at-module=\"Specification::spec_chart::Yes\">Yes<\/span><\/span><\/li>\n<\/ul>\n<p><span class=\"tech-specs-items-description__title--heading\">Video<\/span><\/p>\n<ul class=\"tech-specs-items-description\" data-target=\"Video\">\n<li class=\"tech-specs-items-description-list\"><span class=\"tech-specs-items-description__title\">Main Stream<\/span>\n<p class=\"mb-p\">50 Hz:<\/p>\n<p class=\"mb-p\">20 fps (2560 \u00d7 1440)<\/p>\n<p class=\"mb-p\">25 fps (1920 \u00d7 1080, 1280 \u00d7 720)<\/p>\n<p class=\"mb-p\">60 Hz:<\/p>\n<p class=\"mb-p\">20 fps (2560 \u00d7 1440)<\/p>\n<p class=\"mb-p\">24 fps (1920 \u00d7 1080, 1280 \u00d7 720)<\/p>\n<\/li>\n<li class=\"tech-specs-items-description-list\"><span class=\"tech-specs-items-description__title\">Sub-Stream<\/span>\n<p class=\"mb-p\">50 Hz: 25 fps (1280 \u00d7 720, 640 \u00d7 480, 640 \u00d7 360)<\/p>\n<p class=\"mb-p\">60 Hz: 24 fps (1280 \u00d7 720, 640 \u00d7 480, 640 \u00d7 360)<\/p>\n<\/li>\n<li class=\"tech-specs-items-description-list\"><span class=\"tech-specs-items-description__title\">Video Compression<\/span>\n<p class=\"mb-p\">Main stream: H.265+\/H.265\/H.264+\/H.264,<\/p>\n<p class=\"mb-p\">Sub-stream: H.265\/H.264\/MJPEG<\/p>\n<\/li>\n<li class=\"tech-specs-items-description-list\"><span class=\"tech-specs-items-description__title\">Video Bit Rate<\/span><span class=\"tech-specs-items-description__title-details \" data-spec-url=\"null\"><span class=\"at-action action-lazy\" data-at-module=\"Specification::spec_chart::32 Kbps to 8 Mbps\">32 Kbps to 8 Mbps<\/span><\/span><\/li>\n<li class=\"tech-specs-items-description-list\"><span class=\"tech-specs-items-description__title\">H.264 Type<\/span><span class=\"tech-specs-items-description__title-details \" data-spec-url=\"null\"><span class=\"at-action action-lazy\" data-at-module=\"Specification::spec_chart::Baseline Profile,Main Profile,High Profile\">Baseline Profile,Main Profile,High Profile<\/span><\/span><\/li>\n<li class=\"tech-specs-items-description-list\"><span class=\"tech-specs-items-description__title\">H.265 Type<\/span><span class=\"tech-specs-items-description__title-details \" data-spec-url=\"null\"><span class=\"at-action action-lazy\" data-at-module=\"Specification::spec_chart::Main Profile\">Main Profile<\/span><\/span><\/li>\n<li class=\"tech-specs-items-description-list\"><span class=\"tech-specs-items-description__title\">Bit Rate Control<\/span><span class=\"tech-specs-items-description__title-details \" data-spec-url=\"null\"><span class=\"at-action action-lazy\" data-at-module=\"Specification::spec_chart::CBR,VBR\">CBR,VBR<\/span><\/span><\/li>\n<li class=\"tech-specs-items-description-list\"><span class=\"tech-specs-items-description__title\">Region of Interest (ROI)<\/span><span class=\"tech-specs-items-description__title-details \" data-spec-url=\"null\"><span class=\"at-action action-lazy\" data-at-module=\"Specification::spec_chart::1 fixed region(s) for main stream\">1 fixed region(s) for main stream<\/span><\/span><\/li>\n<\/ul>\n<p><span class=\"tech-specs-items-description__title--heading\">Audio<\/span><\/p>\n<ul class=\"tech-specs-items-description\" data-target=\"Audio\">\n<li class=\"tech-specs-items-description-list\"><span class=\"tech-specs-items-description__title\">Audio Type<\/span><span class=\"tech-specs-items-description__title-details \" data-spec-url=\"null\"><span class=\"at-action action-lazy\" data-at-module=\"Specification::spec_chart::-U: Mono sound\">-U: Mono sound<\/span><\/span><\/li>\n<li class=\"tech-specs-items-description-list\"><span class=\"tech-specs-items-description__title\">Environment Noise Filtering<\/span><span class=\"tech-specs-items-description__title-details \" data-spec-url=\"null\"><span class=\"at-action action-lazy\" data-at-module=\"Specification::spec_chart::-U: Yes\">-U: Yes<\/span><\/span><\/li>\n<li class=\"tech-specs-items-description-list\"><span class=\"tech-specs-items-description__title\">Audio Sampling Rate<\/span><span class=\"tech-specs-items-description__title-details \" data-spec-url=\"null\"><span class=\"at-action action-lazy\" data-at-module=\"Specification::spec_chart::-U: 8 kHz\/16 kHz\">-U: 8 kHz\/16 kHz<\/span><\/span><\/li>\n<li class=\"tech-specs-items-description-list\"><span class=\"tech-specs-items-description__title\">Audio Compression<\/span><span class=\"tech-specs-items-description__title-details \" data-spec-url=\"null\"><span class=\"at-action action-lazy\" data-at-module=\"Specification::spec_chart::-U: G.711ulaw\/G.711alaw\/G.722.1\/G.726\/MP2L2\/PCM\/AAC-LC\">-U: G.711ulaw\/G.711alaw\/G.722.1\/G.726\/MP2L2\/PCM\/AAC-LC<\/span><\/span><\/li>\n<li class=\"tech-specs-items-description-list\"><span class=\"tech-specs-items-description__title\">Audio Bit Rate<\/span><span class=\"tech-specs-items-description__title-details \" data-spec-url=\"null\"><span class=\"at-action action-lazy\" data-at-module=\"Specification::spec_chart::-U: 64 Kbps (G.711 ulaw)\/64 Kbps (G.711 alaw)\/16 Kbps (G.722.1)\/16 Kbps (G.726)\/32 to 160 Kbps (MP2L2)\/16 to 64 Kbps (AAC-LC)\">-U: 64 Kbps (G.711 ulaw)\/64 Kbps (G.711 alaw)\/16 Kbps (G.722.1)\/16 Kbps (G.726)\/32 to 160 Kbps (MP2L2)\/16 to 64 Kbps (AAC-LC)<\/span><\/span><\/li>\n<\/ul>\n<p><span class=\"tech-specs-items-description__title--heading\">Network<\/span><\/p>\n<ul class=\"tech-specs-items-description\" data-target=\"Network\">\n<li class=\"tech-specs-items-description-list\"><span class=\"tech-specs-items-description__title\">Protocols<\/span><span class=\"tech-specs-items-description__title-details \" data-spec-url=\"null\"><span class=\"at-action action-lazy\" data-at-module=\"Specification::spec_chart::TCP\/IP, ICMP, DHCP, DNS, HTTP, RTP, RTSP, NTP, IGMP, IPv6, UDP, QoS, FTP, SMTP\">TCP\/IP, ICMP, DHCP, DNS, HTTP, RTP, RTSP, NTP, IGMP, IPv6, UDP, QoS, FTP, SMTP<\/span><\/span><\/li>\n<li class=\"tech-specs-items-description-list\"><span class=\"tech-specs-items-description__title\">Simultaneous Live View<\/span><span class=\"tech-specs-items-description__title-details \" data-spec-url=\"null\"><span class=\"at-action action-lazy\" data-at-module=\"Specification::spec_chart::Up to 6 channels\">Up to 6 channels<\/span><\/span><\/li>\n<li class=\"tech-specs-items-description-list\"><span class=\"tech-specs-items-description__title\">API<\/span><span class=\"tech-specs-items-description__title-details \" data-spec-url=\"null\"><span class=\"at-action action-lazy\" data-at-module=\"Specification::spec_chart::Open Network Video Interface (Profile S, Profile T, Profile G (only -F model supports)),ISAPI,SDK\">Open Network Video Interface (Profile S, Profile T, Profile G (only -F model supports)),ISAPI,SDK<\/span><\/span><\/li>\n<li class=\"tech-specs-items-description-list\"><span class=\"tech-specs-items-description__title\">User\/Host<\/span>\n<p class=\"mb-p\">Up to 32 users<\/p>\n<p class=\"mb-p\">3 user levels: administrator, operator, and user<\/p>\n<\/li>\n<li class=\"tech-specs-items-description-list\"><span class=\"tech-specs-items-description__title\">Security<\/span><span class=\"tech-specs-items-description__title-details \" data-spec-url=\"null\"><span class=\"at-action action-lazy\" data-at-module=\"Specification::spec_chart::Password protection, complicated password, watermark, basic and digest authentication for HTTP, WSSE and digest authentication for Open Network Video Interface, security audit log, host authentication (MAC address)\">Password protection, complicated password, watermark, basic and digest authentication for HTTP, WSSE and digest authentication for Open Network Video Interface, security audit log, host authentication (MAC address)<\/span><\/span><\/li>\n<li class=\"tech-specs-items-description-list\"><span class=\"tech-specs-items-description__title\">Client<\/span><span class=\"tech-specs-items-description__title-details \" data-spec-url=\"null\"><span class=\"at-action action-lazy\" data-at-module=\"Specification::spec_chart::iVMS-4200,Hik-Connect\">iVMS-4200,Hik-Connect<\/span><\/span><\/li>\n<li class=\"tech-specs-items-description-list\"><span class=\"tech-specs-items-description__title\">Web Browser<\/span>\n<p class=\"mb-p\">Plug-in required live view: IE 10, IE 11,<\/p>\n<p class=\"mb-p\">Local service: Chrome 57.0+, Firefox 52.0+<\/p>\n<\/li>\n<\/ul>\n<p><span class=\"tech-specs-items-description__title--heading\">Image<\/span><\/p>\n<ul class=\"tech-specs-items-description\" data-target=\"Image\">\n<li class=\"tech-specs-items-description-list\"><span class=\"tech-specs-items-description__title\">Wide Dynamic Range (WDR)<\/span><span class=\"tech-specs-items-description__title-details \" data-spec-url=\"null\"><span class=\"at-action action-lazy\" data-at-module=\"Specification::spec_chart::120 dB\">120 dB<\/span><\/span><\/li>\n<li class=\"tech-specs-items-description-list\"><span class=\"tech-specs-items-description__title\">SNR<\/span><span class=\"tech-specs-items-description__title-details \" data-spec-url=\"null\"><span class=\"at-action action-lazy\" data-at-module=\"Specification::spec_chart::\u2265 52 dB\">\u2265 52 dB<\/span><\/span><\/li>\n<li class=\"tech-specs-items-description-list\"><span class=\"tech-specs-items-description__title\">Day\/Night Switch<\/span><span class=\"tech-specs-items-description__title-details \" data-spec-url=\"null\"><span class=\"at-action action-lazy\" data-at-module=\"Specification::spec_chart::Day,Night,Auto,Schedule\">Day,Night,Auto,Schedule<\/span><\/span><\/li>\n<li class=\"tech-specs-items-description-list\"><span class=\"tech-specs-items-description__title\">Image Enhancement<\/span><span class=\"tech-specs-items-description__title-details \" data-spec-url=\"null\"><span class=\"at-action action-lazy\" data-at-module=\"Specification::spec_chart::BLC,HLC,3D DNR\">BLC,HLC,3D DNR<\/span><\/span><\/li>\n<li class=\"tech-specs-items-description-list\"><span class=\"tech-specs-items-description__title\">Image Settings<\/span><span class=\"tech-specs-items-description__title-details \" data-spec-url=\"null\"><span class=\"at-action action-lazy\" data-at-module=\"Specification::spec_chart::Rotate mode,saturation,brightness,contrast,sharpness,gain,white balance,adjustable by client software or web browser\">Rotate mode,saturation,brightness,contrast,sharpness,gain,white balance,adjustable by client software or web browser<\/span><\/span><\/li>\n<li class=\"tech-specs-items-description-list\"><span class=\"tech-specs-items-description__title\">Privacy Mask<\/span><span class=\"tech-specs-items-description__title-details \" data-spec-url=\"null\"><span class=\"at-action action-lazy\" data-at-module=\"Specification::spec_chart::4 programmable polygon privacy masks\">4 programmable polygon privacy masks<\/span><\/span><\/li>\n<\/ul>\n<p><span class=\"tech-specs-items-description__title--heading\">Interface<\/span><\/p>\n<ul class=\"tech-specs-items-description\" data-target=\"Interface\">\n<li class=\"tech-specs-items-description-list\"><span class=\"tech-specs-items-description__title\">Ethernet Interface<\/span><span class=\"tech-specs-items-description__title-details \" data-spec-url=\"null\"><span class=\"at-action action-lazy\" data-at-module=\"Specification::spec_chart::1 RJ45 10 M\/100 M self-adaptive Ethernet port\">1 RJ45 10 M\/100 M self-adaptive Ethernet port<\/span><\/span><\/li>\n<li class=\"tech-specs-items-description-list\"><span class=\"tech-specs-items-description__title\">On-Board Storage<\/span>\n<p class=\"mb-p\">Built-in memory card slot, support microSD\/microSDHC\/microSDXC card, up to 256 GB<\/p>\n<\/li>\n<li class=\"tech-specs-items-description-list\"><span class=\"tech-specs-items-description__title\">Built-in Microphone<\/span><span class=\"tech-specs-items-description__title-details \" data-spec-url=\"null\"><span class=\"at-action action-lazy\" data-at-module=\"Specification::spec_chart::-U: Yes\">-U: Yes<\/span><\/span><\/li>\n<li class=\"tech-specs-items-description-list\"><span class=\"tech-specs-items-description__title\">Reset Key<\/span><span class=\"tech-specs-items-description__title-details \" data-spec-url=\"null\"><span class=\"at-action action-lazy\" data-at-module=\"Specification::spec_chart::-F: Yes\">-F: Yes<\/span><\/span><\/li>\n<\/ul>\n<p><span class=\"tech-specs-items-description__title--heading\">Event<\/span><\/p>\n<ul class=\"tech-specs-items-description\" data-target=\"Event\">\n<li class=\"tech-specs-items-description-list\"><span class=\"tech-specs-items-description__title\">Basic Event<\/span><span class=\"tech-specs-items-description__title-details \" data-spec-url=\"null\"><span class=\"at-action action-lazy\" data-at-module=\"Specification::spec_chart::Motion detection (support alarm triggering by specified target types (human and vehicle)),video tampering alarm,exception\">Motion detection (support alarm triggering by specified target types (human and vehicle)),video tampering alarm,exception<\/span><\/span><\/li>\n<li class=\"tech-specs-items-description-list\"><span class=\"tech-specs-items-description__title\">Linkage<\/span><span class=\"tech-specs-items-description__title-details \" data-spec-url=\"null\"><span class=\"at-action action-lazy\" data-at-module=\"Specification::spec_chart::Upload to FTP\/memory card (-F), notify surveillance center, send email, trigger recording (-F), trigger capture\">Upload to FTP\/memory card (-F), notify surveillance center, send email, trigger recording (-F), trigger capture<\/span><\/span><\/li>\n<\/ul>\n<p><span class=\"tech-specs-items-description__title--heading\">General<\/span><\/p>\n<ul class=\"tech-specs-items-description\" data-target=\"General\">\n<li class=\"tech-specs-items-description-list\"><span class=\"tech-specs-items-description__title\">Power<\/span>\n<p class=\"mb-p\">12 VDC \u00b1 25%, 0.4 A, max. 5 W,\u00d85.5 mm coaxial power plug,<\/p>\n<p class=\"mb-p\">PoE: 802.3af, Class 3, 36 V to 57 V, 0.2 A to 0.15 A, max. 6.5 W<\/p>\n<\/li>\n<li class=\"tech-specs-items-description-list\"><span class=\"tech-specs-items-description__title\">Material<\/span><span class=\"tech-specs-items-description__title-details \" data-spec-url=\"null\"><span class=\"at-action action-lazy\" data-at-module=\"Specification::spec_chart::Aluminum alloy body\">Aluminum alloy body<\/span><\/span><\/li>\n<li class=\"tech-specs-items-description-list\"><span class=\"tech-specs-items-description__title\">Dimension<\/span>\n<p class=\"mb-p\">\u00d876.6 mm \u00d7 164.4 mm (\u00d83 \u00d7 6.5\\&#8221;)&#8221;<\/p>\n<\/li>\n<li class=\"tech-specs-items-description-list\"><span class=\"tech-specs-items-description__title\">Package Dimension<\/span><span class=\"tech-specs-items-description__title-details \" data-spec-url=\"null\"><span class=\"at-action action-lazy\" data-at-module=\"Specification::spec_chart::234 mm \u00d7 120 mm \u00d7 117 mm (9.2\">234 mm \u00d7 120 mm \u00d7 117 mm (9.2&#8243; \u00d7 4.7&#8243; \u00d7 4.6&#8243;)<\/span><\/span><\/li>\n<li class=\"tech-specs-items-description-list\"><span class=\"tech-specs-items-description__title\">Weight<\/span>\n<p class=\"mb-p\">-L: Approx. 410 g (0.9 lb.); -LUF: Approx. 430 g (0.9 lb.)<\/p>\n<\/li>\n<li class=\"tech-specs-items-description-list\"><span class=\"tech-specs-items-description__title\">With Package Weight<\/span>\n<p class=\"mb-p\">-L: Approx. 630 g (1.4 lb.); -LUF: Approx. 650 g (1.4 lb.)<\/p>\n<\/li>\n<li class=\"tech-specs-items-description-list\"><span class=\"tech-specs-items-description__title\">Storage Conditions<\/span><span class=\"tech-specs-items-description__title-details \" data-spec-url=\"null\"><span class=\"at-action action-lazy\" data-at-module=\"Specification::spec_chart::-30 \u00b0C to 60 \u00b0C (-22 \u00b0F to 140 \u00b0F). Humidity 95% or less (non-condensing)\">-30 \u00b0C to 60 \u00b0C (-22 \u00b0F to 140 \u00b0F). Humidity 95% or less (non-condensing)<\/span><\/span><\/li>\n<li class=\"tech-specs-items-description-list\"><span class=\"tech-specs-items-description__title\">Startup and Operating Conditions<\/span><span class=\"tech-specs-items-description__title-details \" data-spec-url=\"null\"><span class=\"at-action action-lazy\" data-at-module=\"Specification::spec_chart::-30 \u00b0C to 60 \u00b0C (-22 \u00b0F to 140 \u00b0F). Humidity 95% or less (non-condensing)\">-30 \u00b0C to 60 \u00b0C (-22 \u00b0F to 140 \u00b0F). Humidity 95% or less (non-condensing)<\/span><\/span><\/li>\n<li class=\"tech-specs-items-description-list\"><span class=\"tech-specs-items-description__title\">Language<\/span><span class=\"tech-specs-items-description__title-details \" data-spec-url=\"null\"><span class=\"at-action action-lazy\" data-at-module=\"Specification::spec_chart::English, Ukrainian\">English, Ukrainian<\/span><\/span><\/li>\n<li class=\"tech-specs-items-description-list\"><span class=\"tech-specs-items-description__title\">General Function<\/span><span class=\"tech-specs-items-description__title-details \" data-spec-url=\"null\"><span class=\"at-action action-lazy\" data-at-module=\"Specification::spec_chart::Heartbeat,anti-banding,mirror,password protection,password reset via email\">Heartbeat,anti-banding,mirror,password protection,password reset via email<\/span><\/span><\/li>\n<\/ul>\n","protected":false},"excerpt":{"rendered":"<h4 class=\"prod_name prod_name-content\">4 MP ColorVu MD 2.0 Fixed Bullet Network Camera<\/h4>\n<div class=\"product_description-content\">\n<ul class=\"product_description_item-list\">\n<li class=\"product_description_item\">High quality imaging with 4 MP resolution<\/li>\n<li class=\"product_description_item\">24\/7 colorful imaging<\/li>\n<li class=\"product_description_item\">Support Human and Vehicle Detection<\/li>\n<li class=\"product_description_item\">Water and dust resistant (IP67)<\/li>\n<li class=\"product_description_item\">Clear imaging even with strong back lighting due to 120 dB WDR<\/li>\n<li class=\"product_description_item\">Efficient H.265+ compression technology<\/li>\n<li class=\"product_description_item\">Support on-board storage up to 256GB (SD card slot)(Optional)<\/li>\n<li class=\"product_description_item\">Built-in microphone for real-time audio security(Optional)<\/li>\n<\/ul>\n<\/div>\n","protected":false},"featured_media":19091,"comment_status":"open","ping_status":"closed","template":"","meta":[],"product_brand":[84,118],"product_cat":[75],"product_tag":[447,328,421],"class_list":{"0":"post-19090","1":"product","2":"type-product","3":"status-publish","4":"has-post-thumbnail","6":"product_brand-cctv-brands","7":"product_brand-hik-brand","8":"product_cat-cctv","9":"product_tag-bulletcamera","10":"product_tag-cctv","11":"product_tag-hikvision","13":"first","14":"instock","15":"product-type-simple"},"jetpack_sharing_enabled":true,"_links":{"self":[{"href":"https:\/\/www.computechnologies.com.ph\/index.php?rest_route=\/wp\/v2\/product\/19090","targetHints":{"allow":["GET"]}}],"collection":[{"href":"https:\/\/www.computechnologies.com.ph\/index.php?rest_route=\/wp\/v2\/product"}],"about":[{"href":"https:\/\/www.computechnologies.com.ph\/index.php?rest_route=\/wp\/v2\/types\/product"}],"replies":[{"embeddable":true,"href":"https:\/\/www.computechnologies.com.ph\/index.php?rest_route=%2Fwp%2Fv2%2Fcomments&post=19090"}],"wp:featuredmedia":[{"embeddable":true,"href":"https:\/\/www.computechnologies.com.ph\/index.php?rest_route=\/wp\/v2\/media\/19091"}],"wp:attachment":[{"href":"https:\/\/www.computechnologies.com.ph\/index.php?rest_route=%2Fwp%2Fv2%2Fmedia&parent=19090"}],"wp:term":[{"taxonomy":"product_brand","embeddable":true,"href":"https:\/\/www.computechnologies.com.ph\/index.php?rest_route=%2Fwp%2Fv2%2Fproduct_brand&post=19090"},{"taxonomy":"product_cat","embeddable":true,"href":"https:\/\/www.computechnologies.com.ph\/index.php?rest_route=%2Fwp%2Fv2%2Fproduct_cat&post=19090"},{"taxonomy":"product_tag","embeddable":true,"href":"https:\/\/www.computechnologies.com.ph\/index.php?rest_route=%2Fwp%2Fv2%2Fproduct_tag&post=19090"}],"curies":[{"name":"wp","href":"https:\/\/api.w.org\/{rel}","templated":true}]}}